at are the prime factors of -3 + 2 + -1 + f?
3, 7
Suppose 5*f = f + 12. Suppose -5*a = 10, 0 = -3*z - 7*a + f*a + 46. List the prime factors of z.
2, 3
Let w be 18/((-22)/8 - -3). Suppose -3*u + w = 2*r - 70, 4*u - r = 171. List the prime factors of u.
2, 11
Suppose -20 = -f + n, -2*n - 26 = -3*f + 33. What are the prime factors of f?
19
Let u(x) = -x - 1. Let h(g) = g**2 - 3*g - 4. Let c(o) = -h(o) + 2*u(o). Suppose -a = -4*a. List the prime factors of c(a).
2
Let o(t) be the second derivative of t**3/6 + 3*t**2 - 2*t. Suppose -4*u - 3*g = -33, -2*g = u - 0*g - 12. List the prime factors of o(u).
2, 3
Let o = -2 + 12. Let y = o + 3. List the prime factors of y.
13
Let f(z) = 18*z + 11. What are the prime factors of f(4)?
83
Let z be (-1)/2 - 538/(-4). Suppose 4*v - 2*v = 3*w - 55, 2*w + z = -4*v. Let f = v - -46. List the prime factors of f.
2, 7
Let o be (-1 + 2/(-2))*1. Let f be (1 - 2)/(o/22). Let k = 0 + f. What are the prime factors of k?
11
Let q(o) = o**2 + 4*o - 2. Let i be q(-5). List the prime factors of ((-2)/(-4))/(i/42).
7
Suppose -5*f + 2*f = -72. Suppose 3*j = 7*j - 4*n - f, -j - 5*n = 12. Suppose -k - 5 = k + 3*z, 0 = -j*z - 9. What are the prime factors of k?
2
Let k = -36 + 201. List the prime factors of k.
3, 5, 11
Let b(x) = 6*x + 159. Let l(k) = k + 32. Let f(j) = -2*b(j) + 11*l(j). Let q be f(0). Let c = q + -20. What are the prime factors of c?
2, 7
Suppose -5*t + 2*p - p + 45 = 0, 40 = 2*t + 4*p. Let r(v) = -v + 15. What are the prime factors of r(t)?
5
Let w(a) = a**2 + 7*a + 6. Let l be w(-5). Let d be (-1 + 2/l)*-14. Suppose 8 = 4*c, -3*c = 5*k - 0*c - d. What are the prime factors of k?
3
Let m = 42 + -19. Suppose -y + 5*y - 40 = 0. Let n = m - y. What are the prime factors of n?
13
Suppose -5*t - 3*b + 908 = 0, -3*t + 412 = b - 136. What are the prime factors of t?
2, 23
Let h be (-4)/18 - (-11636)/36. Suppose 3*s = 3, 3*y + 2*s - 3*s - h = 0. Suppose 18 = -5*v + y. List the prime factors of v.
2, 3
Let o(n) = n**2 - 11*n - 8. Let t be o(11). Let p = t + 20. What are the prime factors of p?
2, 3
Let l(z) = -z + 13. List the prime factors of l(7).
2, 3
Let m = 43 + -21. What are the prime factors of m?
2, 11
Let k(p) = 5 - p**2 + 0*p + 0*p**2 + 7*p. Let j be -2*(-15)/(-4 - -9). List the prime factors of k(j).
11
Let c be (1 - -8) + -1 + -2. List the prime factors of (c/(-4) + 2)*62.
31
Suppose 0 = 16*a - 2284 - 1460. What are the prime factors of a?
2, 3, 13
Let y be (-3)/(-1 + 4)*0. Let s(k) = -k**3 - k**2 - k + 2. Let z be s(y). Suppose j = -z*j + 6, -3*p = -2*j - 17. List the prime factors of p.
7
Let x(o) = o**3 + 3*o**2 - 3*o. Let v be x(2). What are the prime factors of (1 + (-2 - v))*-1?
3, 5
Let k(m) = -22*m. Let y be k(-1). Suppose -2*z = -0*z - y. List the prime factors of z.
11
Let z = -37 - -21. Let u = z - -34. What are the prime factors of u?
2, 3
Suppose -i = 2*m - 179, -4*m + 527 = -i + 4*i. List the prime factors of i.
13
Suppose 2*z + 2 = u - 2, -5*z + 67 = 3*u. Suppose 2 = -2*b + u. What are the prime factors of b?
2, 3
Suppose -148 = -0*r - 4*r. What are the prime factors of r?
37
Let a(c) = c**3 + 8*c**2 - 6*c - 15. What are the prime factors of a(-8)?
3, 11
Suppose -4*m + 14 + 2 = 0. Suppose -2*z + 8 = -2. Suppose z*n = -20, -m*a - 3*n = -0*n + 4. List the prime factors of a.
2
Let g(w) = -2*w**2 + 5*w**2 - 2*w**2 - w - 2 + 4. Let k be g(0). Let s = 1 + k. What are the prime factors of s?
3
Let o = -81 + 112. List the prime factors of o.
31
Suppose -3*d = -3*j + 15, 0*d - 5*d - 4*j - 7 = 0. Let t(n) = -n**3 - n**2 - 3. Let h be t(d). Suppose -h = -4*m - m. List the prime factors of m.
3
Suppose -58*v - 516 = -61*v. List the prime factors of v.
2, 43
Let a be 45/(-6) - (-2)/4. Let g(u) = 3*u - 9. Let i be g(a). Let n = i + 43. What are the prime factors of n?
13
Suppose -5*b = 5*u + 290, -5*b + 250 = -10*u + 5*u. Let k = -17 - u. List the prime factors of k.
37
Suppose 0*k + 275 = 5*h - 3*k, -k + 5 = 0. What are the prime factors of h?
2, 29
Let w(z) = z**3 - 3*z**2 + z + 4. Suppose -n - 2 = -2*n. Let d = 5 - n. What are the prime factors of w(d)?
7
Let v(g) = -68*g - 1. Let z be v(-1). Let a(h) = -h**2 - 7*h - 4. Let n be a(-11). Let k = n + z. List the prime factors of k.
19
Suppose 0 = -0*g + 2*g + 8. List the prime factors of 272/12 + g/6.
2, 11
Let l(o) = -o**3 + 4*o**2 + 4*o + 5. Let f be l(4). Let c = -10 + f. List the prime factors of c.
11
Let a(n) = -353*n**3 + 2*n**2 + 6*n + 3. List the prime factors of a(-1).
2, 11
Let y be 108/14 - (-16)/56. Suppose 2*x = x + y. List the prime factors of x.
2
Let v(i) = i**3 - 11*i**2 - 11*i - 5. Let y be v(12). Suppose 0 = t - 7 - y. What are the prime factors of t?
2, 7
Let w(t) be the first derivative of -t**4/4 + t**3 + t**2 - 2. Let f be w(2). Let q = 8 + f. List the prime factors of q.
2
Let q(g) = g**3 - 10*g**2 + 11*g + 36. What are the prime factors of q(11)?
2, 139
Suppose 0 = -7*o + 3*o - 3*j + 20, -o + 10 = 2*j. Let f = o - -3. List the prime factors of f.
5
Let p(c) = 3*c + 4. Let m be p(-6). Let o = -10 - m. List the prime factors of o.
2
Let i be 184/(-13) - (-10)/65. Let k = 32 + i. Let z = k - 2. List the prime factors of z.
2
Let u be (-1)/(6/39)*-10. Let n = u + -25. What are the prime factors of n?
2, 5
Let r(b) = b**2 - 13*b - 11. Let m(w) = -w**2 + 12*w + 4. Let s be m(11). List the prime factors of r(s).
19
Suppose 3*o - 7 = 2*o. Let n = o - -5. Suppose n = f - 3. What are the prime factors of f?
3, 5
Suppose 6*l = 10*l - 76. What are the prime factors of l?
19
Let j = 329 - 155. List the prime factors of j.
2, 3, 29
Suppose a - 4 - 2 = 0. Let x be 1/(1 + a/(-3)). What are the prime factors of 10 - (-2 - x)*1?
11
Let o(z) = -z**3 + 4*z**2 + 3*z - 1. Let w be o(3). Suppose w = -5*d - 13. Let v = 10 + d. What are the prime factors of v?
2
Let t(s) = s**2 - s + 1. Let v be t(4). Suppose 2 + v = -5*i. List the prime factors of ((-12)/(-9))/(-1)*i.
2
Suppose -6*w + 270 + 222 = 0. What are the prime factors of w?
2, 41
Suppose 21 = 5*n + 3*k, 0 = 5*n - 3*n - 5*k + 4. Let y be 28/16 + (-2)/(-8). Suppose 5*c - 8 = -5*b + 2, n*b = y*c + 21. List the prime factors of b.
5
List the prime factors of (3 - (2 + 0)) + 54.
5, 11
Suppose 2*f + 37 = -31. Let i = 17 - f. Suppose -5*x + 4*m = 3 - i, 3*x - 3*m - 30 = 0. What are the prime factors of x?
2
Suppose t + 6 = 4*q, -2*t = -3*q + 2*q - 2. Suppose 3*v + 204 = 5*a - 0*v, -q*a = -v - 81. What are the prime factors of a?
3, 13
Let p(n) = 0*n - 3*n + n + 0*n. List the prime factors of p(-4).
2
Let u be (-28)/2*11/(-2). Suppose 15 = 4*y - u. What are the prime factors of y?
23
Let j be ((-42)/(-35))/(3/(-50)). Let u = 22 + j. What are the prime factors of u?
2
What are the prime factors of ((-259)/(-28))/(1/12)?
3, 37
Suppose 3*k = -4*j, -4*k = 2*j + 11 - 1. Suppose -w = -0*w + j*v - 17, -2*w + 26 = -2*v. List the prime factors of w.
2, 7
Let i(d) = -d**3 - 11*d**2 - 2*d - 15. Let c be i(-11). Let j(x) = -x**3 + 6*x**2 + 8*x + 1. What are the prime factors of j(c)?
2
Let p(f) = -f**3 + 8*f**2 + 8*f + 12. Let a be p(9). Suppose r + 0*g = 2*g - a, 2*r + 4*g - 26 = 0. Suppose 3*k = 4*k - r. What are the prime factors of k?
5
Let h = 24 + 6. What are the prime factors of h?
2, 3, 5
Suppose 0 = h - 4*h + 510. Suppose 220 = 5*w - h. What are the prime factors of ((-4)/6)/((-4)/w)?
13
Let q = 29 - 4. Let v = q - 18. Let g(k) = 3*k - 4. List the prime factors of g(v).
17
Let r(c) = -c**3 + 4*c**2 - 3*c + 6. Let y be r(4). Let i(n) = -1 + 1 - 3*n - n - 1. What are the prime factors of i(y)?
23
Let f(y) be the second derivative of y**5/20 + 5*y**4/12 + y**3/3 + 2*y**2 - 2*y. Let n be f(-5). What are the prime factors of 2/6 - 16/n?
3
Let k(m) = 13*m**2 + 2*m - 1. List the prime factors of k(3).
2, 61
Suppose -k + 5*k - 89 = 3*y, 2*k = -3*y + 67. List the prime factors of k.
2, 13
Let r(z) = 4*z**2 + 3. What are the prime factors of r(3)?
3, 13
Let m(z) = z**2 + 16*z + 20. Let h be m(-16). Let g(a) = -a - 5. Let t be g(4). Let o = h + t. What are the prime factors of o?
11
Let l = 1 - 4. Suppose 12 = -y + 2*y. Let c = l + y. List the prime factors of c.
3
Let g(h) = h**3 - h + 2. Let k be 1 - ((-1 - 0) + 2). Let r be k*(1 + (-1)/2). List the prime factors of g(r).
2
Let b(p) be the second derivative